{"id":1012,"date":"2019-11-05T16:44:14","date_gmt":"2019-11-05T15:44:14","guid":{"rendered":"https:\/\/konferenca.fov.um.si\/?page_id=1012"},"modified":"2023-10-11T13:54:41","modified_gmt":"2023-10-11T12:54:41","slug":"poster-sekcija","status":"publish","type":"page","link":"https:\/\/arhiv.fov.um.si\/konferenca24\/o-konferenci\/poster-sekcija\/","title":{"rendered":"Poster sekcija"},"content":{"rendered":"<div id='av_section_1' class='avia-section main_color avia-section-large avia-no-shadow avia-full-stretch avia-bg-style-fixed  avia-builder-el-0  el_before_av_section  avia-builder-el-first    container_wrap sidebar_right' style='background-repeat: no-repeat; background-image: url(https:\/\/arhiv.fov.um.si\/konferenca24\/wp-content\/uploads\/2019\/07\/bg-header1-1030x549.jpg);background-attachment: fixed; background-position: bottom center;  '  data-section-bg-repeat='stretch'><div class='container' ><main  role=\"main\" itemprop=\"mainContentOfPage\"  class='template-page content  av-content-small alpha units'><div class='post-entry post-entry-type-page post-entry-1012'><div class='entry-content-wrapper clearfix'>\n<\/div><\/div><\/main><!-- close content main element --><\/div><\/div><div id='av_section_2' class='avia-section main_color avia-section-small avia-no-border-styling avia-bg-style-fixed  avia-builder-el-1  el_after_av_section  avia-builder-el-last   container_wrap sidebar_right' style=' '  ><div class='container' ><div class='template-page content  av-content-small alpha units'><div class='post-entry post-entry-type-page post-entry-1012'><div class='entry-content-wrapper clearfix'>\n<div class='flex_column_table av-equal-height-column-flextable -flextable' style='margin-top:-60px; margin-bottom:0px; '><div class=\"flex_column av_two_third  no_margin flex_column_table_cell av-equal-height-column av-align-top first  avia-builder-el-2  el_before_av_one_third  avia-builder-el-first  \" style='padding:30px; background-color:#ffffff; border-radius:0px; '><p><div style='padding-bottom:15px; color:#104670;' class='av-special-heading av-special-heading-h2 custom-color-heading blockquote modern-quote  avia-builder-el-3  el_before_av_textblock  avia-builder-el-first   '><h2 class='av-special-heading-tag '  itemprop=\"headline\"  >Poster sekcija<\/h2><div class='special-heading-border'><div class='special-heading-inner-border' style='border-color:#104670'><\/div><\/div><\/div><br \/>\n<section class=\"av_textblock_section \"  itemscope=\"itemscope\" itemtype=\"https:\/\/schema.org\/CreativeWork\" ><div class='avia_textblock  '   itemprop=\"text\" ><p>V okviru 43. mednarodne konference o razvoju organizacijskih znanosti bomo vsem \u0161tudentom \u017eeljnim sodelovanja pri iskanju novih in sodobnih re\u0161itev omogo\u010dili, da tudi izven procesa izobra\u017eevanja poka\u017eejo svoje poglede in ideje, ki bi lahko spodbudile razvoj okolja. Omogo\u010dili bomo permanentno in aktivno predstavitev inovativnih re\u0161itev v delovanju organizacij. To predstavitev bodo pripravili \u0161tudenti v okviru Sekcije posterjev in bo namenjena kongresni publiki.<\/p>\n<p>Mentorji, spodbudite svoje \u0161tudente, diplomante, magistrante in doktorande, da svoje ideje predstavijo v Sekciji posterjev. Raziskovalni rezultati in metodologija bo lahko povsem enakovredni ostalim debatnim sekcijam, saj bomo izbrali deset najbolj\u0161ih predstavitev in avtorje pozvali, naj posredujejo raz\u0161irjene oblike svojih raziskav. Te bodo enakovredne objavam, ki bodo sprejete v zbornik konference.<\/p>\n<p>Posterji, ki jih bodo \u0161tudenti, poleg opisa pripravili v sodelovanju z mentorjem, bodo predstavljeni v posebni sekciji. Ocenjevala jih bo posebna strokovna komisija. Izbrani posterji bodo nagrajeni.<\/p>\n<p><strong>Posterje pa lahko pripravijo tudi drugi udele\u017eenci konference.<\/strong><\/p>\n<p>Avtorji posterjev naj svoje strokovno podro\u010dje omejijo v okviru tematike leto\u0161nje konference. Strokovno podro\u010dje tematik je \u0161iroko in je namenjeno prav vsem \u0161tudentom, ne glede na smer in vrsto izobra\u017eevanja. \u0160tudenti lahko predstavijo lastno avtorsko delo, ki po mnenju njihovih mentorjev izpolnjuje zastavljene okvire.<\/p>\n<p>Izkoristite mo\u017enost promocije znanja, idej in strategij ter mre\u017eenja v okviru konference. Svojo karierno pot lahko za\u010dnete dovolj zgodaj in vanjo vpnete potrebna znanja, ki jih pridobivate s formalnim in neformalnim izobra\u017eevanjem.<\/p>\n<p>Po posvetu z mentorjem mora \u0161tudent ali skupina \u0161tudentov oz. drugi avtorji predlo\u017eiti kratek predlog (najve\u010d 2 strani), ki opisuje idejo, ugotovitev ali predstavitev lastne raziskave.<\/p>\n<p>Svoje predloge po\u0161ljite na naslov <strong>cis.fov@um.si<\/strong> s pripisom <strong>Prijava projekta \u2013 Posterji, najkasneje do 31. januarja 2024<\/strong>.<\/p>\n<p>O sprejetju va\u0161ega predloga bo odlo\u010dala posebna komisija.<\/p>\n<p>Svoje ideje bodo \u0161tudenti predstavili na sami konferenci, na katero se prijavijo kot udele\u017eenci. Na konferenco s seboj prinesejo tudi plakate, ki jih bodo izobesili na panoje. Plakati bodo na ogled ves \u010das konference.<\/p>\n<p>Sekcija posterjev bo imela tudi svoj termin predstavitev, ko se od avtorjev pri\u010dakuje obvezna prisotnost. V tem terminu so predvidena individualna sre\u010danja z zainteresirano publiko in individualne predstavitve avtorskih del obiskovalcem. Pri \u0161tudentskih predstavitvah je lahko prisoten tudi mentor.<\/p>\n<p><strong>Opis posterja mora vsebovati:<\/strong><\/p>\n<ul>\n<li>naslov,<\/li>\n<li>sporo\u010dilo (podnaslov),<\/li>\n<li>uvod,<\/li>\n<li>eksperiment,<\/li>\n<li>rezultate,<\/li>\n<li>diskusijo in<\/li>\n<li>zaklju\u010dke.<\/li>\n<\/ul>\n<p>Nasvet: Pazite, da na posterju ni preve\u010d teksta, izogibajte se nepregledni strukturi in nejasnim slikam. Opis posterja je omejen na 10.000 znakov (s presledki) oziroma 5 strani.<\/p>\n<p>Uradna jezika te sekcije sta angle\u0161\u010dina in sloven\u0161\u010dina.<\/p>\n<p><a href=\"https:\/\/konferenca.fov.um.si\/wp-content\/uploads\/2019\/11\/Navodila-za-oblikovanje-posterja.pdf\">Navodila za oblikovanje posterja<\/a><\/p>\n<p><a href=\"https:\/\/konferenca.fov.um.si\/wp-content\/uploads\/2023\/10\/Poster_predloga_24.pptx\">Predloga za oblikovanje posterja<\/a><\/p>\n<\/div><\/section><\/p><\/div><div class=\"flex_column av_one_third  no_margin flex_column_table_cell av-equal-height-column av-align-top   avia-builder-el-5  el_after_av_two_third  avia-builder-el-last  \" style='padding:30px; background-color:#f0f0f0; border-radius:0px; '><p><div class='avia-builder-widget-area clearfix  avia-builder-el-6  el_before_av_sidebar  avia-builder-el-first '><section id=\"nav_menu-3\" class=\"widget clearfix widget_nav_menu\"><div class=\"menu-main-menu-container\"><ul id=\"menu-main-menu\" class=\"menu\"><li id=\"menu-item-451\" class=\"menu-item menu-item-type-post_type menu-item-object-page menu-item-home menu-item-451\"><a href=\"https:\/\/arhiv.fov.um.si\/konferenca24\/\">Domov<\/a><\/li>\n<li id=\"menu-item-402\" class=\"menu-item menu-item-type-post_type menu-item-object-page menu-item-has-children menu-item-402\"><a href=\"https:\/\/arhiv.fov.um.si\/konferenca24\/o-konferenci\/\">O konferenci<\/a>\n<ul class=\"sub-menu\">\n\t<li id=\"menu-item-901\" class=\"menu-item menu-item-type-post_type menu-item-object-page menu-item-901\"><a href=\"https:\/\/arhiv.fov.um.si\/konferenca24\/o-konferenci\/vabilo\/\">Vabilo<\/a><\/li>\n\t<li id=\"menu-item-981\" class=\"menu-item menu-item-type-post_type menu-item-object-page menu-item-981\"><a href=\"https:\/\/arhiv.fov.um.si\/konferenca24\/o-konferenci\/teme-konference\/\">Teme konference<\/a><\/li>\n\t<li id=\"menu-item-3476\" class=\"menu-item menu-item-type-post_type menu-item-object-page menu-item-3476\"><a href=\"https:\/\/arhiv.fov.um.si\/konferenca24\/o-konferenci\/oddaja-referata\/\">Oddaja referata<\/a><\/li>\n\t<li id=\"menu-item-919\" class=\"menu-item menu-item-type-post_type menu-item-object-page menu-item-919\"><a href=\"https:\/\/arhiv.fov.um.si\/konferenca24\/o-konferenci\/prijava-povzetka-referata\/\">Prijava povzetka referata<\/a><\/li>\n\t<li id=\"menu-item-1031\" class=\"menu-item menu-item-type-post_type menu-item-object-page menu-item-1031\"><a href=\"https:\/\/arhiv.fov.um.si\/konferenca24\/o-konferenci\/doktorska-sekcija\/\">Doktorska sekcija<\/a><\/li>\n\t<li id=\"menu-item-1015\" class=\"menu-item menu-item-type-post_type menu-item-object-page menu-item-1015\"><a href=\"https:\/\/arhiv.fov.um.si\/konferenca24\/o-konferenci\/poster-sekcija\/\">Poster sekcija<\/a><\/li>\n\t<li id=\"menu-item-448\" class=\"menu-item menu-item-type-post_type menu-item-object-page menu-item-448\"><a href=\"https:\/\/arhiv.fov.um.si\/konferenca24\/o-konferenci\/studentsko-tekmovanje-v-studiji-primera\/\">\u0160tudentsko tekmovanje v \u0161tudiji primera<\/a><\/li>\n\t<li id=\"menu-item-1405\" class=\"menu-item menu-item-type-post_type menu-item-object-page menu-item-1405\"><a href=\"https:\/\/arhiv.fov.um.si\/konferenca24\/o-konferenci\/registracija-in-kotizacija\/\">Registracija in kotizacija<\/a><\/li>\n\t<li id=\"menu-item-456\" class=\"menu-item menu-item-type-post_type menu-item-object-page menu-item-456\"><a href=\"https:\/\/arhiv.fov.um.si\/konferenca24\/o-konferenci\/lokacija\/\">Lokacija<\/a><\/li>\n\t<li id=\"menu-item-452\" class=\"menu-item menu-item-type-post_type menu-item-object-page menu-item-452\"><a href=\"https:\/\/arhiv.fov.um.si\/konferenca24\/kontakt\/\">Kontakt<\/a><\/li>\n\t<li id=\"menu-item-584\" class=\"menu-item menu-item-type-custom menu-item-object-custom menu-item-584\"><a target=\"_blank\" href=\"https:\/\/arhiv.fov.um.si\/\">Pretekle konference<\/a><\/li>\n<\/ul>\n<\/li>\n<li id=\"menu-item-2601\" class=\"menu-item menu-item-type-custom menu-item-object-custom menu-item-has-children menu-item-2601\"><a href=\"https:\/\/konferenca.fov.um.si\/\">Publikacije<\/a>\n<ul class=\"sub-menu\">\n\t<li id=\"menu-item-3036\" class=\"menu-item menu-item-type-custom menu-item-object-custom menu-item-3036\"><a target=\"_blank\" href=\"https:\/\/konferenca.fov.um.si\/conference-programme\/\">Program konference<\/a><\/li>\n\t<li id=\"menu-item-4390\" class=\"menu-item menu-item-type-custom menu-item-object-custom menu-item-4390\"><a href=\"https:\/\/press.um.si\/index.php\/ump\/catalog\/book\/860\">Zbornik<\/a><\/li>\n\t<li id=\"menu-item-2612\" class=\"menu-item menu-item-type-post_type menu-item-object-page menu-item-2612\"><a target=\"_blank\" href=\"https:\/\/arhiv.fov.um.si\/konferenca24\/2606-2\/\">Izjava o etiki objavljanja in zlorabah pri objavljanju (v angle\u0161kem jeziku)<\/a><\/li>\n<\/ul>\n<\/li>\n<li id=\"menu-item-449\" class=\"menu-item menu-item-type-post_type menu-item-object-page menu-item-449\"><a href=\"https:\/\/arhiv.fov.um.si\/konferenca24\/odbori\/\">Odbori<\/a><\/li>\n<li id=\"menu-item-4244\" class=\"menu-item menu-item-type-post_type menu-item-object-page menu-item-4244\"><a href=\"https:\/\/arhiv.fov.um.si\/konferenca24\/pokrovitelji\/\">Sponzorji in soorganizatorji<\/a><\/li>\n<li id=\"menu-item-1382\" class=\"menu-item menu-item-type-custom menu-item-object-custom menu-item-1382\"><a href=\"https:\/\/arhiv.fov.um.si\">Arhiv<\/a><\/li>\n<li id=\"menu-item-721\" class=\"menu-item menu-item-type-custom menu-item-object-custom menu-item-721\"><a href=\"#pll_switcher\">Languages<\/a><\/li>\n<\/ul><\/div><span class=\"seperator extralight-border\"><\/span><\/section><section id=\"nav_menu-4\" class=\"widget clearfix widget_nav_menu\"><div class=\"menu-main-menu-en-container\"><ul id=\"menu-main-menu-en\" class=\"menu\"><li id=\"menu-item-727\" class=\"menu-item menu-item-type-post_type menu-item-object-page menu-item-727\"><a href=\"https:\/\/arhiv.fov.um.si\/konferenca24\/en\/homepage\/\">Homepage<\/a><\/li>\n<li id=\"menu-item-734\" class=\"menu-item menu-item-type-post_type menu-item-object-page menu-item-has-children menu-item-734\"><a href=\"https:\/\/arhiv.fov.um.si\/konferenca24\/en\/about-conference\/\">About conference<\/a>\n<ul class=\"sub-menu\">\n\t<li id=\"menu-item-908\" class=\"menu-item menu-item-type-post_type menu-item-object-page menu-item-908\"><a href=\"https:\/\/arhiv.fov.um.si\/konferenca24\/en\/about-conference\/invitation\/\">Invitation<\/a><\/li>\n\t<li id=\"menu-item-985\" class=\"menu-item menu-item-type-post_type menu-item-object-page menu-item-985\"><a href=\"https:\/\/arhiv.fov.um.si\/konferenca24\/en\/about-conference\/conference-sections\/\">Conference Topics<\/a><\/li>\n\t<li id=\"menu-item-3479\" class=\"menu-item menu-item-type-post_type menu-item-object-page menu-item-3479\"><a href=\"https:\/\/arhiv.fov.um.si\/konferenca24\/en\/about-conference\/paper-submission\/\">Paper Submission<\/a><\/li>\n\t<li id=\"menu-item-948\" class=\"menu-item menu-item-type-post_type menu-item-object-page menu-item-948\"><a href=\"https:\/\/arhiv.fov.um.si\/konferenca24\/en\/about-conference\/paper-abstract-submission\/\">Paper Abstract Submission<\/a><\/li>\n\t<li id=\"menu-item-1032\" class=\"menu-item menu-item-type-post_type menu-item-object-page menu-item-1032\"><a href=\"https:\/\/arhiv.fov.um.si\/konferenca24\/en\/about-conference\/phd-student-session\/\">PhD Student Session<\/a><\/li>\n\t<li id=\"menu-item-1024\" class=\"menu-item menu-item-type-post_type menu-item-object-page menu-item-1024\"><a href=\"https:\/\/arhiv.fov.um.si\/konferenca24\/en\/about-conference\/poster-session\/\">Poster session<\/a><\/li>\n\t<li id=\"menu-item-752\" class=\"menu-item menu-item-type-post_type menu-item-object-page menu-item-752\"><a href=\"https:\/\/arhiv.fov.um.si\/konferenca24\/en\/about-conference\/student-case-study-competition\/\">Student Case Study Competition 2024<\/a><\/li>\n\t<li id=\"menu-item-1414\" class=\"menu-item menu-item-type-post_type menu-item-object-page menu-item-1414\"><a href=\"https:\/\/arhiv.fov.um.si\/konferenca24\/en\/about-conference\/registration-and-conference-fee\/\">Registration and Conference Fee<\/a><\/li>\n\t<li id=\"menu-item-737\" class=\"menu-item menu-item-type-post_type menu-item-object-page menu-item-737\"><a href=\"https:\/\/arhiv.fov.um.si\/konferenca24\/en\/about-conference\/venue\/\">Venue<\/a><\/li>\n\t<li id=\"menu-item-757\" class=\"menu-item menu-item-type-post_type menu-item-object-page menu-item-757\"><a href=\"https:\/\/arhiv.fov.um.si\/konferenca24\/en\/about-conference\/contact\/\">Contact<\/a><\/li>\n\t<li id=\"menu-item-759\" class=\"menu-item menu-item-type-custom menu-item-object-custom menu-item-759\"><a href=\"https:\/\/arhiv.fov.um.si\/\">Past conferences<\/a><\/li>\n<\/ul>\n<\/li>\n<li id=\"menu-item-2710\" class=\"menu-item menu-item-type-custom menu-item-object-custom menu-item-has-children menu-item-2710\"><a>Publications<\/a>\n<ul class=\"sub-menu\">\n\t<li id=\"menu-item-3035\" class=\"menu-item menu-item-type-custom menu-item-object-custom menu-item-3035\"><a target=\"_blank\" href=\"https:\/\/konferenca.fov.um.si\/conference-programme\/\">Conference Programme<\/a><\/li>\n\t<li id=\"menu-item-3884\" class=\"menu-item menu-item-type-custom menu-item-object-custom menu-item-3884\"><a href=\"https:\/\/press.um.si\/index.php\/ump\/catalog\/book\/860\">Conference Proceedings<\/a><\/li>\n\t<li id=\"menu-item-2713\" class=\"menu-item menu-item-type-post_type menu-item-object-page menu-item-2713\"><a href=\"https:\/\/arhiv.fov.um.si\/konferenca24\/statement-of-the-publication-ethics-and-publication-malpractice\/\">Statement of the publication ethics and publication malpractice<\/a><\/li>\n<\/ul>\n<\/li>\n<li id=\"menu-item-762\" class=\"menu-item menu-item-type-post_type menu-item-object-page menu-item-762\"><a href=\"https:\/\/arhiv.fov.um.si\/konferenca24\/en\/committees\/\">Committees<\/a><\/li>\n<li id=\"menu-item-4247\" class=\"menu-item menu-item-type-post_type menu-item-object-page menu-item-4247\"><a href=\"https:\/\/arhiv.fov.um.si\/konferenca24\/en\/sponsors-supporters-and-co-organizers\/\">Sponsors and Co-Organizers<\/a><\/li>\n<li id=\"menu-item-1383\" class=\"menu-item menu-item-type-custom menu-item-object-custom menu-item-1383\"><a href=\"https:\/\/arhiv.fov.um.si\/indexen.html\">Archive<\/a><\/li>\n<li id=\"menu-item-728\" class=\"menu-item menu-item-type-custom menu-item-object-custom menu-item-728\"><a href=\"#pll_switcher\">Languages<\/a><\/li>\n<\/ul><\/div><span class=\"seperator extralight-border\"><\/span><\/section><\/div><br \/>\n<div class='avia-builder-widget-area clearfix  avia-builder-el-7  el_after_av_sidebar  el_before_av_hr '><section id=\"text-5\" class=\"widget clearfix widget_text\">\t\t\t<div class=\"textwidget\"><p><strong>Pomembni datumi<\/strong><\/p>\n<ul>\n<li><del><strong>1. december 2023<\/strong><\/del> <strong>8. december 2023<\/strong> &#8211; Podalj\u0161an rok za oddajo povzetka referata<\/li>\n<li><strong>12. december 2023<\/strong> &#8211; Obvestilo o sprejetju referata<\/li>\n<li><strong>12. januar 2024<\/strong> &#8211; Rok za oddajo referata<\/li>\n<li><strong>9. februar 2024<\/strong> Rezultati recenzijskega postopka<\/li>\n<li><strong>20. februar 2024<\/strong> &#8211; Oddaja kon\u010dne razli\u010dice referata<\/li>\n<li><strong>6. marec 2024 <\/strong>&#8211; Zadnji dan pred prijave<\/li>\n<li><strong>20. &#8211; 22. marec 2024<\/strong> &#8211; 43. mednarodna konferenca o razvoju organizacijskih znanosti<\/li>\n<\/ul>\n<\/div>\n\t\t<span class=\"seperator extralight-border\"><\/span><\/section><section id=\"text-6\" class=\"widget clearfix widget_text\">\t\t\t<div class=\"textwidget\"><p><strong>Important dates<\/strong><\/p>\n<ul>\n<li><del><strong>1st December 2023<\/strong><\/del> <strong>8th December 2023<\/strong> \u2013 Paper abstract submission deadline (extended)<\/li>\n<li><strong>12th December 2023<\/strong> \u2013 Paper abstract acceptance notice<\/li>\n<li><strong>12th January 2024<\/strong> \u2013 Full paper submission deadline<\/li>\n<li><strong>9th February 2024<\/strong> \u2013 Notification of paper acceptance<\/li>\n<li><strong>20th February 2024<\/strong> \u2013 Final paper submission<\/li>\n<li><strong>6th March 2024 <\/strong>\u2013 Earlybird registration deadline<\/li>\n<li><strong>20th \u2013 22nd March 2024<\/strong> &#8211; 43rd International Conference on Organizational Science Development<\/li>\n<\/ul>\n<\/div>\n\t\t<span class=\"seperator extralight-border\"><\/span><\/section><\/div><br \/>\n<div style=' margin-top:30px; margin-bottom:30px;'  class='hr hr-custom hr-center hr-icon-yes   avia-builder-el-8  el_after_av_sidebar  avia-builder-el-last  '><span class='hr-inner   inner-border-av-border-thin' style=' width:45%;' ><span class='hr-inner-style'><\/span><\/span><span class='av-seperator-icon'  aria-hidden='true' data-av_icon='\ue87b' data-av_iconfont='entypo-fontello'><\/span><span class='hr-inner   inner-border-av-border-thin' style=' width:45%;' ><span class='hr-inner-style'><\/span><\/span><\/div><\/p><\/div><\/div><!--close column table wrapper. Autoclose: 1 --><\/div><\/div><\/div><!-- close content main div --><\/div><\/div><div id='after_section_2' class='main_color av_default_container_wrap container_wrap sidebar_right' style=' '  ><div class='container' ><div class='template-page content  av-content-small alpha units'><div class='post-entry post-entry-type-page post-entry-1012'><div class='entry-content-wrapper clearfix'>\n","protected":false},"excerpt":{"rendered":"","protected":false},"author":1,"featured_media":0,"parent":96,"menu_order":0,"comment_status":"closed","ping_status":"closed","template":"","meta":{"_exactmetrics_skip_tracking":false,"_exactmetrics_sitenote_active":false,"_exactmetrics_sitenote_note":"","_exactmetrics_sitenote_category":0,"_monsterinsights_skip_tracking":false,"_monsterinsights_sitenote_active":false,"_monsterinsights_sitenote_note":"","_monsterinsights_sitenote_category":0,"footnotes":""},"class_list":["post-1012","page","type-page","status-publish","hentry"],"yoast_head":"<!-- This site is optimized with the Yoast SEO plugin v27.3 - https:\/\/yoast.com\/product\/yoast-seo-wordpress\/ -->\n<title>Poster sekcija - 43. mednarodna konferenca o razvoju organizacijskih znanosti<\/title>\n<meta name=\"robots\" content=\"index, follow, max-snippet:-1, max-image-preview:large, max-video-preview:-1\" \/>\n<link rel=\"canonical\" href=\"https:\/\/arhiv.fov.um.si\/konferenca24\/o-konferenci\/poster-sekcija\/\" \/>\n<meta property=\"og:locale\" content=\"en_US\" \/>\n<meta property=\"og:type\" content=\"article\" \/>\n<meta property=\"og:title\" content=\"Poster sekcija - 43. mednarodna konferenca o razvoju organizacijskih znanosti\" \/>\n<meta property=\"og:url\" content=\"https:\/\/arhiv.fov.um.si\/konferenca24\/o-konferenci\/poster-sekcija\/\" \/>\n<meta property=\"og:site_name\" content=\"43. mednarodna konferenca o razvoju organizacijskih znanosti\" \/>\n<meta property=\"article:modified_time\" content=\"2023-10-11T12:54:41+00:00\" \/>\n<meta name=\"twitter:card\" content=\"summary_large_image\" \/>\n<meta name=\"twitter:label1\" content=\"Est. reading time\" \/>\n\t<meta name=\"twitter:data1\" content=\"3 minutes\" \/>\n<script type=\"application\/ld+json\" class=\"yoast-schema-graph\">{\"@context\":\"https:\\\/\\\/schema.org\",\"@graph\":[{\"@type\":\"WebPage\",\"@id\":\"https:\\\/\\\/arhiv.fov.um.si\\\/konferenca24\\\/o-konferenci\\\/poster-sekcija\\\/\",\"url\":\"https:\\\/\\\/arhiv.fov.um.si\\\/konferenca24\\\/o-konferenci\\\/poster-sekcija\\\/\",\"name\":\"Poster sekcija - 43. mednarodna konferenca o razvoju organizacijskih znanosti\",\"isPartOf\":{\"@id\":\"https:\\\/\\\/arhiv.fov.um.si\\\/konferenca24\\\/#website\"},\"datePublished\":\"2019-11-05T15:44:14+00:00\",\"dateModified\":\"2023-10-11T12:54:41+00:00\",\"breadcrumb\":{\"@id\":\"https:\\\/\\\/arhiv.fov.um.si\\\/konferenca24\\\/o-konferenci\\\/poster-sekcija\\\/#breadcrumb\"},\"inLanguage\":\"en-US\",\"potentialAction\":[{\"@type\":\"ReadAction\",\"target\":[\"https:\\\/\\\/arhiv.fov.um.si\\\/konferenca24\\\/o-konferenci\\\/poster-sekcija\\\/\"]}]},{\"@type\":\"BreadcrumbList\",\"@id\":\"https:\\\/\\\/arhiv.fov.um.si\\\/konferenca24\\\/o-konferenci\\\/poster-sekcija\\\/#breadcrumb\",\"itemListElement\":[{\"@type\":\"ListItem\",\"position\":1,\"name\":\"Home\",\"item\":\"https:\\\/\\\/arhiv.fov.um.si\\\/konferenca24\\\/\"},{\"@type\":\"ListItem\",\"position\":2,\"name\":\"O konferenci\",\"item\":\"https:\\\/\\\/arhiv.fov.um.si\\\/konferenca24\\\/o-konferenci\\\/\"},{\"@type\":\"ListItem\",\"position\":3,\"name\":\"Poster sekcija\"}]},{\"@type\":\"WebSite\",\"@id\":\"https:\\\/\\\/arhiv.fov.um.si\\\/konferenca24\\\/#website\",\"url\":\"https:\\\/\\\/arhiv.fov.um.si\\\/konferenca24\\\/\",\"name\":\"43. mednarodna konferenca o razvoju organizacijskih znanosti\",\"description\":\"\",\"potentialAction\":[{\"@type\":\"SearchAction\",\"target\":{\"@type\":\"EntryPoint\",\"urlTemplate\":\"https:\\\/\\\/arhiv.fov.um.si\\\/konferenca24\\\/?s={search_term_string}\"},\"query-input\":{\"@type\":\"PropertyValueSpecification\",\"valueRequired\":true,\"valueName\":\"search_term_string\"}}],\"inLanguage\":\"en-US\"}]}<\/script>\n<!-- \/ Yoast SEO plugin. -->","yoast_head_json":{"title":"Poster sekcija - 43. mednarodna konferenca o razvoju organizacijskih znanosti","robots":{"index":"index","follow":"follow","max-snippet":"max-snippet:-1","max-image-preview":"max-image-preview:large","max-video-preview":"max-video-preview:-1"},"canonical":"https:\/\/arhiv.fov.um.si\/konferenca24\/o-konferenci\/poster-sekcija\/","og_locale":"en_US","og_type":"article","og_title":"Poster sekcija - 43. mednarodna konferenca o razvoju organizacijskih znanosti","og_url":"https:\/\/arhiv.fov.um.si\/konferenca24\/o-konferenci\/poster-sekcija\/","og_site_name":"43. mednarodna konferenca o razvoju organizacijskih znanosti","article_modified_time":"2023-10-11T12:54:41+00:00","twitter_card":"summary_large_image","twitter_misc":{"Est. reading time":"3 minutes"},"schema":{"@context":"https:\/\/schema.org","@graph":[{"@type":"WebPage","@id":"https:\/\/arhiv.fov.um.si\/konferenca24\/o-konferenci\/poster-sekcija\/","url":"https:\/\/arhiv.fov.um.si\/konferenca24\/o-konferenci\/poster-sekcija\/","name":"Poster sekcija - 43. mednarodna konferenca o razvoju organizacijskih znanosti","isPartOf":{"@id":"https:\/\/arhiv.fov.um.si\/konferenca24\/#website"},"datePublished":"2019-11-05T15:44:14+00:00","dateModified":"2023-10-11T12:54:41+00:00","breadcrumb":{"@id":"https:\/\/arhiv.fov.um.si\/konferenca24\/o-konferenci\/poster-sekcija\/#breadcrumb"},"inLanguage":"en-US","potentialAction":[{"@type":"ReadAction","target":["https:\/\/arhiv.fov.um.si\/konferenca24\/o-konferenci\/poster-sekcija\/"]}]},{"@type":"BreadcrumbList","@id":"https:\/\/arhiv.fov.um.si\/konferenca24\/o-konferenci\/poster-sekcija\/#breadcrumb","itemListElement":[{"@type":"ListItem","position":1,"name":"Home","item":"https:\/\/arhiv.fov.um.si\/konferenca24\/"},{"@type":"ListItem","position":2,"name":"O konferenci","item":"https:\/\/arhiv.fov.um.si\/konferenca24\/o-konferenci\/"},{"@type":"ListItem","position":3,"name":"Poster sekcija"}]},{"@type":"WebSite","@id":"https:\/\/arhiv.fov.um.si\/konferenca24\/#website","url":"https:\/\/arhiv.fov.um.si\/konferenca24\/","name":"43. mednarodna konferenca o razvoju organizacijskih znanosti","description":"","potentialAction":[{"@type":"SearchAction","target":{"@type":"EntryPoint","urlTemplate":"https:\/\/arhiv.fov.um.si\/konferenca24\/?s={search_term_string}"},"query-input":{"@type":"PropertyValueSpecification","valueRequired":true,"valueName":"search_term_string"}}],"inLanguage":"en-US"}]}},"rttpg_featured_image_url":null,"rttpg_author":{"display_name":"admin","author_link":"https:\/\/arhiv.fov.um.si\/konferenca24\/author\/admin\/"},"rttpg_comment":0,"rttpg_category":" <a href=\"https:\/\/arhiv.fov.um.si\/konferenca24\/\" rel=\"tag\">Sloven\u0161\u010dina<\/a>","rttpg_excerpt":null,"_links":{"self":[{"href":"https:\/\/arhiv.fov.um.si\/konferenca24\/wp-json\/wp\/v2\/pages\/1012","targetHints":{"allow":["GET"]}}],"collection":[{"href":"https:\/\/arhiv.fov.um.si\/konferenca24\/wp-json\/wp\/v2\/pages"}],"about":[{"href":"https:\/\/arhiv.fov.um.si\/konferenca24\/wp-json\/wp\/v2\/types\/page"}],"author":[{"embeddable":true,"href":"https:\/\/arhiv.fov.um.si\/konferenca24\/wp-json\/wp\/v2\/users\/1"}],"replies":[{"embeddable":true,"href":"https:\/\/arhiv.fov.um.si\/konferenca24\/wp-json\/wp\/v2\/comments?post=1012"}],"version-history":[{"count":14,"href":"https:\/\/arhiv.fov.um.si\/konferenca24\/wp-json\/wp\/v2\/pages\/1012\/revisions"}],"predecessor-version":[{"id":3826,"href":"https:\/\/arhiv.fov.um.si\/konferenca24\/wp-json\/wp\/v2\/pages\/1012\/revisions\/3826"}],"up":[{"embeddable":true,"href":"https:\/\/arhiv.fov.um.si\/konferenca24\/wp-json\/wp\/v2\/pages\/96"}],"wp:attachment":[{"href":"https:\/\/arhiv.fov.um.si\/konferenca24\/wp-json\/wp\/v2\/media?parent=1012"}],"curies":[{"name":"wp","href":"https:\/\/api.w.org\/{rel}","templated":true}]}}