{"id":4707,"date":"2024-08-07T11:50:13","date_gmt":"2024-08-07T10:50:13","guid":{"rendered":"https:\/\/konferenca.fov.um.si\/?page_id=4707"},"modified":"2024-11-12T14:56:10","modified_gmt":"2024-11-12T13:56:10","slug":"registracija-in-kotizacija","status":"publish","type":"page","link":"https:\/\/arhiv.fov.um.si\/konferenca25\/o-konferenci\/registracija-in-kotizacija\/","title":{"rendered":"Registracija in kotizacija"},"content":{"rendered":"<p>[et_pb_section fb_built=&#8221;1&#8243; _builder_version=&#8221;4.27.0&#8243; _module_preset=&#8221;default&#8221; use_background_color_gradient=&#8221;on&#8221; background_color_gradient_direction=&#8221;91deg&#8221; background_color_gradient_stops=&#8221;#175988 0%|rgba(116, 155, 184, 1) 58%|#ffffff 100%&#8221; background_pattern_horizontal_offset=&#8221;0%&#8221; background_pattern_vertical_offset=&#8221;0%&#8221; custom_padding=&#8221;31px||18px|||&#8221; global_colors_info=&#8221;{}&#8221;][et_pb_row _builder_version=&#8221;4.27.0&#8243; _module_preset=&#8221;default&#8221; custom_margin=&#8221;|auto|32px|auto||&#8221; global_colors_info=&#8221;{}&#8221;][et_pb_column type=&#8221;4_4&#8243; _builder_version=&#8221;4.16&#8243; _module_preset=&#8221;default&#8221; global_colors_info=&#8221;{}&#8221;][et_pb_text _builder_version=&#8221;4.27.0&#8243; _module_preset=&#8221;d5dbb5d4-7ec7-4306-b6c5-1435f277faf4&#8243; text_font=&#8221;|700|||||||&#8221; text_font_size=&#8221;36px&#8221; header_font=&#8221;||||||||&#8221; header_text_color=&#8221;#000000&#8243; header_font_size=&#8221;60px&#8221; header_line_height=&#8221;1.2em&#8221; width=&#8221;70%&#8221; width_tablet=&#8221;&#8221; width_phone=&#8221;100%&#8221; width_last_edited=&#8221;on|phone&#8221; custom_margin=&#8221;||16px||false|false&#8221; header_font_size_tablet=&#8221;36px&#8221; header_font_size_phone=&#8221;24px&#8221; header_font_size_last_edited=&#8221;on|phone&#8221; global_colors_info=&#8221;{}&#8221;]<\/p>\n<p><span style=\"color: #ffffff;\">REGISTRACIJA<\/span><\/p>\n<p>[\/et_pb_text][et_pb_divider color=&#8221;#f7ca00&#8243; divider_position=&#8221;center&#8221; divider_weight=&#8221;3px&#8221; _builder_version=&#8221;4.27.0&#8243; _module_preset=&#8221;default&#8221; width=&#8221;15%&#8221; global_colors_info=&#8221;{}&#8221;][\/et_pb_divider][\/et_pb_column][\/et_pb_row][\/et_pb_section][et_pb_section fb_built=&#8221;1&#8243; _builder_version=&#8221;4.27.0&#8243; _module_preset=&#8221;default&#8221; background_color=&#8221;rgba(141,195,233,0.1)&#8221; custom_margin=&#8221;||||false|false&#8221; global_colors_info=&#8221;{}&#8221;][et_pb_row column_structure=&#8221;2_3,1_3&#8243; _builder_version=&#8221;4.27.0&#8243; _module_preset=&#8221;default&#8221; background_color=&#8221;#ffffff&#8221; custom_margin=&#8221;-80px||||false|false&#8221; custom_padding=&#8221;|2em||2em|false|false&#8221; border_radii=&#8221;on|0.5em|0.5em|0.5em|0.5em&#8221; global_colors_info=&#8221;{}&#8221;][et_pb_column type=&#8221;2_3&#8243; _builder_version=&#8221;4.27.0&#8243; _module_preset=&#8221;default&#8221; global_colors_info=&#8221;{}&#8221;][et_pb_code _builder_version=&#8221;4.27.0&#8243; _module_preset=&#8221;default&#8221; global_colors_info=&#8221;{}&#8221;]\n<table id=\"tablepress-3\" class=\"tablepress tablepress-id-3\">\n<thead>\n<tr class=\"row-1\">\n\t<td class=\"column-1\"><\/td><th class=\"column-2\">PREDPRIJAVA DO VKLJU\u010cNO 5. MARCA 2025<\/th><th class=\"column-3\">PRIJAVE PO<br>5. MARCU 2025<\/th>\n<\/tr>\n<\/thead>\n<tbody class=\"row-striping row-hover\">\n<tr class=\"row-2\">\n\t<td class=\"column-1\">UDELE\u017dENEC\/PRIJAVITELJ REFERATA<\/td><td class=\"column-2\">310,00 \u20ac<br>(znesek z DDV: 378,20 \u20ac)<\/td><td class=\"column-3\">350,00\u20ac<br>(znesek z DDV: 427,00 \u20ac)<\/td>\n<\/tr>\n<tr class=\"row-3\">\n\t<td class=\"column-1\">SOAVTOR REFERATA, KI SE UDELE\u017dI KONFERENCE<\/td><td class=\"column-2\">250,00 \u20ac<br>(znesek z DDV: 305,00 \u20ac)<\/td><td class=\"column-3\">290,00 \u20ac<br>(znesek z DDV: 353,80 \u20ac)<\/td>\n<\/tr>\n<tr class=\"row-4\">\n\t<td class=\"column-1\">\u0160TUDENT*<\/td><td class=\"column-2\">180,00 \u20ac<br>(znesek z DDV: 219,60 \u20ac)<\/td><td class=\"column-3\">220,00 \u20ac<br>(znesek z DDV: 268,40 \u20ac)<\/td>\n<\/tr>\n<tr class=\"row-5\">\n\t<td class=\"column-1\">SPREMLJEVALEC\/<br>SPREMLJEVALKA**<\/td><td class=\"column-2\">150,00 \u20ac<br>(znesek z DDV: 183,00 \u20ac)<\/td><td class=\"column-3\">190,00 \u20ac<br>(znesek z DDV: 231,80 \u20ac)<\/td>\n<\/tr>\n<\/tbody>\n<\/table>\n[\/et_pb_code][et_pb_text _builder_version=&#8221;4.27.0&#8243; _module_preset=&#8221;default&#8221; global_colors_info=&#8221;{}&#8221;]<\/p>\n<div class=\"avia-data-table-wrap avia_responsive_table\">* Ponudba velja za \u0161tudente rednih \u0161tudijskih programov, za izredne \u0161tudente, ki niso zaposleni in doktorske \u0161tudente.<\/div>\n<section class=\"av_textblock_section \" itemscope=\"itemscope\" itemtype=\"https:\/\/schema.org\/CreativeWork\">\n<div class=\"avia_textblock  \" itemprop=\"text\">\n<p>** Kotizacija spremljevalec \/ spremljevalka omogo\u010da udele\u017ebo na vseh predavanjih in ve\u010dernih dru\u017eabnih sre\u010danjih (kosilo in gradiva niso vklju\u010dena v ceno). Kotizacija spremljevalec \/ spremljevalka NI za posameznike, ki bi glede na politiko kotizacij morali pla\u010dati polno kotizacijo.<\/p>\n<\/div>\n<\/section>\n<p>[\/et_pb_text][et_pb_divider color=&#8221;#000000&#8243; divider_style=&#8221;dotted&#8221; _builder_version=&#8221;4.27.0&#8243; _module_preset=&#8221;default&#8221; custom_margin=&#8221;||2px|||&#8221; custom_padding=&#8221;||||false|false&#8221; global_colors_info=&#8221;{}&#8221;][\/et_pb_divider][et_pb_text _builder_version=&#8221;4.27.0&#8243; _module_preset=&#8221;default&#8221; global_colors_info=&#8221;{}&#8221;]<\/p>\n<section class=\"av_textblock_section \" itemscope=\"itemscope\" itemtype=\"https:\/\/schema.org\/CreativeWork\">\n<div class=\"avia_textblock  \" itemprop=\"text\">\n<p><strong>Kotizacija vklju\u010duje udele\u017ebo na vseh predavanjih konference, gradivo, okrep\u010dilo med odmori in vstop na dru\u017eabne dogodke (kosilo (sreda, \u010detrtek), dru\u017eabni dogodek (sreda).<\/strong><\/p>\n<p><strong>V ceno kotizacije niso vklju\u010deni morebitni ban\u010dni stro\u0161ki.<\/strong><\/p>\n<p><strong>Navedene cene ne vsebujejo 22 % DDV-ja.<\/strong><\/p>\n<p>Na konferenco se registrirate preko spletnega obrazca, do katerega pridete s pritiskom na spodnji gumb \u201cRegistracija\u201d.<\/p>\n<\/div>\n<\/section>\n<p>[\/et_pb_text][et_pb_button button_text=&#8221;Registracija&#8221; _builder_version=&#8221;4.27.2&#8243; _module_preset=&#8221;default&#8221; custom_button=&#8221;on&#8221; button_text_color=&#8221;#FFFFFF&#8221; button_bg_color=&#8221;gcid-primary-color&#8221; button_border_color=&#8221;gcid-primary-color&#8221; background_layout=&#8221;dark&#8221; hover_enabled=&#8221;0&#8243; global_colors_info=&#8221;{%22gcid-primary-color%22:%91%22button_bg_color%22,%22button_text_color__hover%22,%22button_border_color%22%93}&#8221; button_text_color__hover_enabled=&#8221;on|desktop&#8221; button_text_color__hover=&#8221;#175988&#8243; button_bg_color__hover_enabled=&#8221;on|hover&#8221; button_bg_color__hover=&#8221;#FFFFFF&#8221; button_bg_enable_color__hover=&#8221;on&#8221; button_url=&#8221;https:\/\/domino.fov.um.si\/Konferenca2025.nsf\/RegistrationUJP&#8221; url_new_window=&#8221;on&#8221; sticky_enabled=&#8221;0&#8243;][\/et_pb_button][et_pb_text _builder_version=&#8221;4.27.0&#8243; _module_preset=&#8221;default&#8221; global_colors_info=&#8221;{}&#8221;]<\/p>\n<p><strong>Pogoji odjave:<\/strong><span> Za odjave po 18. februarju 2025 vam bomo zara\u010dunali 30 % vrednosti kotizacije. Za odjave po 4. marcu 2025 bomo zara\u010dunali 50 % kotizacije, po 11. marcu 2025 pa bomo zara\u010dunali celotno kotizacijo. Odjave sporo\u010dite pisno na e-naslov cis.fov@um.si.<\/span><\/p>\n<p>[\/et_pb_text][\/et_pb_column][et_pb_column type=&#8221;1_3&#8243; _builder_version=&#8221;4.27.0&#8243; _module_preset=&#8221;default&#8221; background_color=&#8221;rgba(141,195,233,0.06)&#8221; border_radii=&#8221;on|0.7em|0.7em|0.7em|0.7em&#8221; global_colors_info=&#8221;{}&#8221;][et_pb_sidebar show_border=&#8221;off&#8221; _builder_version=&#8221;4.27.0&#8243; _module_preset=&#8221;default&#8221; header_font_size=&#8221;18px&#8221; body_font=&#8221;|600|||||||&#8221; body_text_color=&#8221;#175988&#8243; body_font_size=&#8221;14px&#8221; body_line_height=&#8221;2.2em&#8221; background_enable_color=&#8221;off&#8221; text_orientation=&#8221;left&#8221; custom_padding=&#8221;1em|1em||1em|false|false&#8221; border_radii=&#8221;on|0.5em|0.5em|0.5em|0.5em&#8221; border_width_all=&#8221;1px&#8221; global_colors_info=&#8221;{}&#8221;][\/et_pb_sidebar][et_pb_sidebar area=&#8221;sidebar-5&#8243; _builder_version=&#8221;4.27.0&#8243; _module_preset=&#8221;default&#8221; custom_margin=&#8221;-7em||||false|false&#8221; custom_padding=&#8221;1em|1em|0px|1em|false|false&#8221; global_colors_info=&#8221;{}&#8221;][\/et_pb_sidebar][\/et_pb_column][\/et_pb_row][\/et_pb_section]<\/p>\n","protected":false},"excerpt":{"rendered":"<p>REGISTRACIJA\n<table id=\"tablepress-3-no-2\" class=\"tablepress tablepress-id-3\">\n<thead>\n<tr class=\"row-1\">\n\t<td class=\"column-1\"><\/td><th class=\"column-2\">PREDPRIJAVA DO VKLJU\u010cNO 5. MARCA 2025<\/th><th class=\"column-3\">PRIJAVE PO<br>5. MARCU 2025<\/th>\n<\/tr>\n<\/thead>\n<tbody class=\"row-striping row-hover\">\n<tr class=\"row-2\">\n\t<td class=\"column-1\">UDELE\u017dENEC\/PRIJAVITELJ REFERATA<\/td><td class=\"column-2\">310,00 \u20ac<br>(znesek z DDV: 378,20 \u20ac)<\/td><td class=\"column-3\">350,00\u20ac<br>(znesek z DDV: 427,00 \u20ac)<\/td>\n<\/tr>\n<tr class=\"row-3\">\n\t<td class=\"column-1\">SOAVTOR REFERATA, KI SE UDELE\u017dI KONFERENCE<\/td><td class=\"column-2\">250,00 \u20ac<br>(znesek z DDV: 305,00 \u20ac)<\/td><td class=\"column-3\">290,00 \u20ac<br>(znesek z DDV: 353,80 \u20ac)<\/td>\n<\/tr>\n<tr class=\"row-4\">\n\t<td class=\"column-1\">\u0160TUDENT*<\/td><td class=\"column-2\">180,00 \u20ac<br>(znesek z DDV: 219,60 \u20ac)<\/td><td class=\"column-3\">220,00 \u20ac<br>(znesek z DDV: 268,40 \u20ac)<\/td>\n<\/tr>\n<tr class=\"row-5\">\n\t<td class=\"column-1\">SPREMLJEVALEC\/<br>SPREMLJEVALKA**<\/td><td class=\"column-2\">150,00 \u20ac<br>(znesek z DDV: 183,00 \u20ac)<\/td><td class=\"column-3\">190,00 \u20ac<br>(znesek z DDV: 231,80 \u20ac)<\/td>\n<\/tr>\n<\/tbody>\n<\/table>\n* Ponudba velja za \u0161tudente rednih \u0161tudijskih programov, za izredne \u0161tudente, ki niso zaposleni in doktorske \u0161tudente. ** Kotizacija spremljevalec \/ spremljevalka omogo\u010da udele\u017ebo na vseh predavanjih in ve\u010dernih dru\u017eabnih sre\u010danjih (kosilo in gradiva niso vklju\u010dena v ceno). Kotizacija spremljevalec \/ spremljevalka NI za posameznike, ki bi glede na politiko kotizacij morali pla\u010dati [&hellip;]<\/p>\n","protected":false},"author":1,"featured_media":0,"parent":4534,"menu_order":0,"comment_status":"closed","ping_status":"closed","template":"","meta":{"_et_pb_use_builder":"on","_et_pb_old_content":"<!-- wp:divi\/placeholder \/-->","_et_gb_content_width":"","_exactmetrics_skip_tracking":false,"_exactmetrics_sitenote_active":false,"_exactmetrics_sitenote_note":"","_exactmetrics_sitenote_category":0,"_monsterinsights_skip_tracking":false,"_monsterinsights_sitenote_active":false,"_monsterinsights_sitenote_note":"","_monsterinsights_sitenote_category":0,"footnotes":""},"class_list":["post-4707","page","type-page","status-publish","hentry"],"yoast_head":"<!-- This site is optimized with the Yoast SEO plugin v27.3 - https:\/\/yoast.com\/product\/yoast-seo-wordpress\/ -->\n<title>Registracija in kotizacija - 44th International Conference on Organizational Science Development<\/title>\n<meta name=\"robots\" content=\"index, follow, max-snippet:-1, max-image-preview:large, max-video-preview:-1\" \/>\n<link rel=\"canonical\" href=\"https:\/\/arhiv.fov.um.si\/konferenca25\/o-konferenci\/registracija-in-kotizacija\/\" \/>\n<meta property=\"og:locale\" content=\"en_US\" \/>\n<meta property=\"og:type\" content=\"article\" \/>\n<meta property=\"og:title\" content=\"Registracija in kotizacija - 44th International Conference on Organizational Science Development\" \/>\n<meta property=\"og:description\" content=\"REGISTRACIJA* Ponudba velja za \u0161tudente rednih \u0161tudijskih programov, za izredne \u0161tudente, ki niso zaposleni in doktorske \u0161tudente. ** Kotizacija spremljevalec \/ spremljevalka omogo\u010da udele\u017ebo na vseh predavanjih in ve\u010dernih dru\u017eabnih sre\u010danjih (kosilo in gradiva niso vklju\u010dena v ceno). Kotizacija spremljevalec \/ spremljevalka NI za posameznike, ki bi glede na politiko kotizacij morali pla\u010dati [&hellip;]\" \/>\n<meta property=\"og:url\" content=\"https:\/\/arhiv.fov.um.si\/konferenca25\/o-konferenci\/registracija-in-kotizacija\/\" \/>\n<meta property=\"og:site_name\" content=\"44th International Conference on Organizational Science Development\" \/>\n<meta property=\"article:modified_time\" content=\"2024-11-12T13:56:10+00:00\" \/>\n<meta name=\"twitter:card\" content=\"summary_large_image\" \/>\n<meta name=\"twitter:label1\" content=\"Est. reading time\" \/>\n\t<meta name=\"twitter:data1\" content=\"2 minutes\" \/>\n<script type=\"application\/ld+json\" class=\"yoast-schema-graph\">{\"@context\":\"https:\\\/\\\/schema.org\",\"@graph\":[{\"@type\":\"WebPage\",\"@id\":\"https:\\\/\\\/arhiv.fov.um.si\\\/konferenca25\\\/o-konferenci\\\/registracija-in-kotizacija\\\/\",\"url\":\"https:\\\/\\\/arhiv.fov.um.si\\\/konferenca25\\\/o-konferenci\\\/registracija-in-kotizacija\\\/\",\"name\":\"Registracija in kotizacija - 44th International Conference on Organizational Science Development\",\"isPartOf\":{\"@id\":\"https:\\\/\\\/arhiv.fov.um.si\\\/konferenca25\\\/#website\"},\"datePublished\":\"2024-08-07T10:50:13+00:00\",\"dateModified\":\"2024-11-12T13:56:10+00:00\",\"breadcrumb\":{\"@id\":\"https:\\\/\\\/arhiv.fov.um.si\\\/konferenca25\\\/o-konferenci\\\/registracija-in-kotizacija\\\/#breadcrumb\"},\"inLanguage\":\"en-US\",\"potentialAction\":[{\"@type\":\"ReadAction\",\"target\":[\"https:\\\/\\\/arhiv.fov.um.si\\\/konferenca25\\\/o-konferenci\\\/registracija-in-kotizacija\\\/\"]}]},{\"@type\":\"BreadcrumbList\",\"@id\":\"https:\\\/\\\/arhiv.fov.um.si\\\/konferenca25\\\/o-konferenci\\\/registracija-in-kotizacija\\\/#breadcrumb\",\"itemListElement\":[{\"@type\":\"ListItem\",\"position\":1,\"name\":\"Home\",\"item\":\"https:\\\/\\\/arhiv.fov.um.si\\\/konferenca25\\\/\"},{\"@type\":\"ListItem\",\"position\":2,\"name\":\"O konferenci\",\"item\":\"https:\\\/\\\/arhiv.fov.um.si\\\/konferenca25\\\/o-konferenci\\\/\"},{\"@type\":\"ListItem\",\"position\":3,\"name\":\"Registracija in kotizacija\"}]},{\"@type\":\"WebSite\",\"@id\":\"https:\\\/\\\/arhiv.fov.um.si\\\/konferenca25\\\/#website\",\"url\":\"https:\\\/\\\/arhiv.fov.um.si\\\/konferenca25\\\/\",\"name\":\"44th International Conference on Organizational Science Development\",\"description\":\"\",\"potentialAction\":[{\"@type\":\"SearchAction\",\"target\":{\"@type\":\"EntryPoint\",\"urlTemplate\":\"https:\\\/\\\/arhiv.fov.um.si\\\/konferenca25\\\/?s={search_term_string}\"},\"query-input\":{\"@type\":\"PropertyValueSpecification\",\"valueRequired\":true,\"valueName\":\"search_term_string\"}}],\"inLanguage\":\"en-US\"}]}<\/script>\n<!-- \/ Yoast SEO plugin. -->","yoast_head_json":{"title":"Registracija in kotizacija - 44th International Conference on Organizational Science Development","robots":{"index":"index","follow":"follow","max-snippet":"max-snippet:-1","max-image-preview":"max-image-preview:large","max-video-preview":"max-video-preview:-1"},"canonical":"https:\/\/arhiv.fov.um.si\/konferenca25\/o-konferenci\/registracija-in-kotizacija\/","og_locale":"en_US","og_type":"article","og_title":"Registracija in kotizacija - 44th International Conference on Organizational Science Development","og_description":"REGISTRACIJA* Ponudba velja za \u0161tudente rednih \u0161tudijskih programov, za izredne \u0161tudente, ki niso zaposleni in doktorske \u0161tudente. ** Kotizacija spremljevalec \/ spremljevalka omogo\u010da udele\u017ebo na vseh predavanjih in ve\u010dernih dru\u017eabnih sre\u010danjih (kosilo in gradiva niso vklju\u010dena v ceno). Kotizacija spremljevalec \/ spremljevalka NI za posameznike, ki bi glede na politiko kotizacij morali pla\u010dati [&hellip;]","og_url":"https:\/\/arhiv.fov.um.si\/konferenca25\/o-konferenci\/registracija-in-kotizacija\/","og_site_name":"44th International Conference on Organizational Science Development","article_modified_time":"2024-11-12T13:56:10+00:00","twitter_card":"summary_large_image","twitter_misc":{"Est. reading time":"2 minutes"},"schema":{"@context":"https:\/\/schema.org","@graph":[{"@type":"WebPage","@id":"https:\/\/arhiv.fov.um.si\/konferenca25\/o-konferenci\/registracija-in-kotizacija\/","url":"https:\/\/arhiv.fov.um.si\/konferenca25\/o-konferenci\/registracija-in-kotizacija\/","name":"Registracija in kotizacija - 44th International Conference on Organizational Science Development","isPartOf":{"@id":"https:\/\/arhiv.fov.um.si\/konferenca25\/#website"},"datePublished":"2024-08-07T10:50:13+00:00","dateModified":"2024-11-12T13:56:10+00:00","breadcrumb":{"@id":"https:\/\/arhiv.fov.um.si\/konferenca25\/o-konferenci\/registracija-in-kotizacija\/#breadcrumb"},"inLanguage":"en-US","potentialAction":[{"@type":"ReadAction","target":["https:\/\/arhiv.fov.um.si\/konferenca25\/o-konferenci\/registracija-in-kotizacija\/"]}]},{"@type":"BreadcrumbList","@id":"https:\/\/arhiv.fov.um.si\/konferenca25\/o-konferenci\/registracija-in-kotizacija\/#breadcrumb","itemListElement":[{"@type":"ListItem","position":1,"name":"Home","item":"https:\/\/arhiv.fov.um.si\/konferenca25\/"},{"@type":"ListItem","position":2,"name":"O konferenci","item":"https:\/\/arhiv.fov.um.si\/konferenca25\/o-konferenci\/"},{"@type":"ListItem","position":3,"name":"Registracija in kotizacija"}]},{"@type":"WebSite","@id":"https:\/\/arhiv.fov.um.si\/konferenca25\/#website","url":"https:\/\/arhiv.fov.um.si\/konferenca25\/","name":"44th International Conference on Organizational Science Development","description":"","potentialAction":[{"@type":"SearchAction","target":{"@type":"EntryPoint","urlTemplate":"https:\/\/arhiv.fov.um.si\/konferenca25\/?s={search_term_string}"},"query-input":{"@type":"PropertyValueSpecification","valueRequired":true,"valueName":"search_term_string"}}],"inLanguage":"en-US"}]}},"rttpg_featured_image_url":null,"rttpg_author":{"display_name":"admin","author_link":"https:\/\/arhiv.fov.um.si\/konferenca25\/author\/admin\/"},"rttpg_comment":0,"rttpg_category":" <a href=\"https:\/\/arhiv.fov.um.si\/konferenca25\/\" rel=\"tag\">Sloven\u0161\u010dina<\/a>","rttpg_excerpt":"REGISTRACIJA[table id=3 \/]* Ponudba velja za \u0161tudente rednih \u0161tudijskih programov, za izredne \u0161tudente, ki niso zaposleni in doktorske \u0161tudente. ** Kotizacija spremljevalec \/ spremljevalka omogo\u010da udele\u017ebo na vseh predavanjih in ve\u010dernih dru\u017eabnih sre\u010danjih (kosilo in gradiva niso vklju\u010dena v ceno). Kotizacija spremljevalec \/ spremljevalka NI za posameznike, ki bi glede na politiko kotizacij morali pla\u010dati&hellip;","_links":{"self":[{"href":"https:\/\/arhiv.fov.um.si\/konferenca25\/wp-json\/wp\/v2\/pages\/4707","targetHints":{"allow":["GET"]}}],"collection":[{"href":"https:\/\/arhiv.fov.um.si\/konferenca25\/wp-json\/wp\/v2\/pages"}],"about":[{"href":"https:\/\/arhiv.fov.um.si\/konferenca25\/wp-json\/wp\/v2\/types\/page"}],"author":[{"embeddable":true,"href":"https:\/\/arhiv.fov.um.si\/konferenca25\/wp-json\/wp\/v2\/users\/1"}],"replies":[{"embeddable":true,"href":"https:\/\/arhiv.fov.um.si\/konferenca25\/wp-json\/wp\/v2\/comments?post=4707"}],"version-history":[{"count":12,"href":"https:\/\/arhiv.fov.um.si\/konferenca25\/wp-json\/wp\/v2\/pages\/4707\/revisions"}],"predecessor-version":[{"id":5289,"href":"https:\/\/arhiv.fov.um.si\/konferenca25\/wp-json\/wp\/v2\/pages\/4707\/revisions\/5289"}],"up":[{"embeddable":true,"href":"https:\/\/arhiv.fov.um.si\/konferenca25\/wp-json\/wp\/v2\/pages\/4534"}],"wp:attachment":[{"href":"https:\/\/arhiv.fov.um.si\/konferenca25\/wp-json\/wp\/v2\/media?parent=4707"}],"curies":[{"name":"wp","href":"https:\/\/api.w.org\/{rel}","templated":true}]}}